common factor of 60 and 51195.
15
Calculate the greatest common divisor of 948 and 177564.
12
Calculate the highest common factor of 20737 and 178.
89
What is the highest common divisor of 16 and 73960?
8
Calculate the greatest common divisor of 75 and 386500.
25
What is the greatest common divisor of 363 and 95469?
363
What is the greatest common divisor of 680969 and 1025?
41
What is the greatest common divisor of 74 and 6349829?
37
Calculate the highest common divisor of 108 and 1488348.
108
What is the greatest common divisor of 41 and 2567297?
41
Calculate the greatest common divisor of 2304 and 2784.
96
Calculate the highest common factor of 19894 and 784.
98
Calculate the highest common divisor of 104 and 27131.
13
Calculate the greatest common divisor of 446 and 41701.
223
Calculate the highest common factor of 2063700 and 90.
90
What is the highest common divisor of 180916 and 3968?
124
Calculate the greatest common divisor of 2796 and 72.
12
What is the highest common factor of 2592 and 8181?
81
What is the highest common divisor of 6603 and 744?
93
What is the greatest common divisor of 620 and 311860?
620
What is the greatest common divisor of 5239 and 5915?
169
What is the greatest common divisor of 2114 and 59626?
14
What is the greatest common factor of 65 and 3598595?
65
What is the highest common divisor of 84 and 30156?
84
What is the highest common factor of 35 and 378315?
35
Calculate the highest common divisor of 928445 and 70.
35
What is the greatest common factor of 100079 and 136?
17
Calculate the greatest common divisor of 8911 and 1197.
133
What is the greatest common divisor of 1094 and 30?
2
What is the highest common divisor of 208 and 127738?
26
Calculate the greatest common factor of 12298 and 110.
22
Calculate the highest common divisor of 90207 and 38259.
351
What is the highest common divisor of 615600 and 81?
81
Calculate the greatest common divisor of 6909 and 108993.
141
Calculate the greatest common divisor of 36688 and 176.
16
What is the highest common divisor of 203 and 179?
1
Calculate the highest common factor of 2420 and 6820.
220
Calculate the highest common divisor of 2529 and 2403.
9
What is the greatest common divisor of 1904 and 2719864?
952
Calculate the highest common factor of 48 and 51780.
12
Calculate the highest common factor of 110 and 7510.
10
Calculate the highest common divisor of 203235 and 255.
255
What is the highest common divisor of 522 and 426?
6
Calculate the greatest common factor of 1136 and 3222548.
284
Calculate the highest common divisor of 44247 and 5418.
903
Calculate the greatest common factor of 129 and 4905.
3
What is the highest common factor of 30 and 1695?
15
What is the greatest common divisor of 625530 and 15?
15
Calculate the greatest common factor of 101055 and 30.
15
What is the greatest common factor of 8 and 74504?
8
Calculate the highest common factor of 13197 and 498.
249
Calculate the greatest common factor of 639 and 2043.
9
Calculate the highest common factor of 670687 and 127.
127
What is the highest common factor of 7259 and 2907?
17
What is the greatest common divisor of 81 and 5839857?
81
Calculate the greatest common divisor of 20 and 535530.
10
Calculate the greatest common divisor of 96506 and 4234.
146
What is the greatest common factor of 2080 and 61139?
13
What is the highest common factor of 1092852 and 648?
324
What is the highest common factor of 6300 and 5300?
100
What is the highest common divisor of 402514 and 1?
1
What is the greatest common divisor of 243 and 767313?
81
What is the highest common factor of 15099 and 21?
21
Calculate the highest common factor of 30998 and 143.
11
Calculate the highest common divisor of 96 and 422112.
96
What is the greatest common factor of 13066 and 1504?
94
What is the greatest common factor of 8983159 and 134?
67
Calculate the greatest common divisor of 199663 and 23.
23
What is the greatest common divisor of 52 and 2221882?
26
Calculate the highest common divisor of 816 and 17476.
68
What is the highest common factor of 40910 and 30?
10
Calculate the highest common divisor of 1395 and 170469.
279
Calculate the greatest common divisor of 377 and 63102.
13
Calculate the greatest common divisor of 11286 and 5130.
1026
Calculate the highest common divisor of 7557 and 92287.
229
What is the highest common factor of 4374 and 972?
486
What is the highest common factor of 11266 and 8428?
86
Calculate the highest common divisor of 100 and 4800.
100
What is the greatest common divisor of 143 and 15807?
11
What is the greatest common factor of 750 and 19425?
75
What is the highest common factor of 2208 and 37216?
32
Calculate the greatest common divisor of 2394 and 2878386.
798
Calculate the highest common divisor of 66 and 1590501.
33
Calculate the greatest common divisor of 146831 and 4090.
409
What is the greatest common factor of 20257 and 47?
47
Calculate the greatest common divisor of 36 and 216522.
18
Calculate the greatest common factor of 2408 and 14276.
172
Calculate the greatest common divisor of 1081664 and 128.
64
What is the highest common divisor of 2141 and 1?
1
Calculate the greatest common divisor of 449718 and 68.
34
Calculate the greatest common factor of 96032 and 32.
32
What is the greatest common divisor of 1200 and 470?
10
What is the greatest common factor of 3496 and 4313?
19
What is the greatest common factor of 14 and 628502?
14
Calculate the greatest common divisor of 164 and 169289.
41
What is the greatest common factor of 756 and 68544?
252
Calculate the highest common divisor of 192870 and 90.
90
Calculate the greatest common factor of 9144 and 360.
72
Calculate the highest common divisor of 65256 and 4632.
24
What is the highest common factor of 461720 and 10?
10
What is the greatest common divisor of 32 and 7808?
32
Calculate the greatest common divisor of 214209 and 54.
9
What is the greatest common divisor of 215 and 3710513?
43
What is the highest common divisor of 1748017 and 761?
761
Calculate the greatest common divisor of 148525 and 914.
457
What is the greatest common divisor of 1355525 and 59?
59
Calculate the highest common divisor of 642381 and 3676.
919
Calculate the greatest common factor of 1266 and 900759.
633
What is the greatest common divisor of 45 and 45855?
45
Calculate the highest common divisor of 209 and 1919.
19
What is the greatest common divisor of 30 and 238590?
30
Calculate the greatest common divisor of 2074956 and 364.
52
What is the highest common divisor of 404250 and 2200?
550
Calculate the highest common factor of 6916 and 26467.
133
What is the greatest common factor of 7439 and 10793?
43
Calculate the highest common divisor of 35109 and 3666.
141
What is the highest common factor of 15523 and 43?
43
Calculate the greatest common divisor of 7678 and 176.
22
What is the highest common divisor of 8925 and 138975?
1275
What is the highest common factor of 738830 and 50?
10
What is the greatest common factor of 2507 and 8284?
109
Calculate the greatest common factor of 342969 and 4376.
547
Calculate the highest common factor of 6724760 and 5640.
1880
What is the highest common divisor of 113640 and 528?
24
What is the greatest common divisor of 12767 and 17?
17
Calculate the highest common divisor of 506385 and 2170.
155
Calculate the greatest common factor of 117 and 1017.
9
Calculate the highest common factor of 946 and 308912.
86
What is the highest common factor of 61182 and 6930?
198
Calculate the greatest common divisor of 129687 and 278.
139
Calculate the greatest common divisor of 7504 and 896.
112
What is the greatest common divisor of 4680 and 800?
40
Calculate the greatest common divisor of 22 and 33737.
11
What is the greatest common divisor of 37632 and 2592?
96
Calculate the greatest common factor of 2124 and 10231308.
2124
Calculate the greatest common factor of 1713 and 1875.
3
Calculate the greatest common divisor of 4 and 60556.
4
What is the greatest common divisor of 397584 and 251?
251
Calculate the greatest common divisor of 636 and 941492.
212
Calculate the highest common factor of 1305 and 28043.
29
Calculate the greatest common factor of 798 and 18.
6
Calculate the greatest common factor of 213 and 2140011.
213
What i